s digit of 1451?
4
What is the units digit of 81182?
2
What is the thousands digit of 7226?
7
What is the tens digit of 8201?
0
What is the hundreds digit of 951?
9
What is the hundreds digit of 1474?
4
What is the tens digit of 17922?
2
What is the tens digit of 1987?
8
What is the thousands digit of 6420?
6
What is the thousands digit of 2018?
2
What is the units digit of 4388?
8
What is the tens digit of 219?
1
What is the ten thousands digit of 17608?
1
What is the hundreds digit of 1094?
0
What is the ten thousands digit of 45169?
4
What is the units digit of 6864?
4
What is the units digit of 5384?
4
What is the hundreds digit of 1707?
7
What is the units digit of 3132?
2
What is the hundreds digit of 3203?
2
What is the tens digit of 816?
1
What is the units digit of 1905?
5
What is the thousands digit of 40060?
0
What is the units digit of 1710?
0
What is the thousands digit of 1291?
1
What is the tens digit of 2549?
4
What is the ten thousands digit of 24545?
2
What is the tens digit of 373?
7
What is the tens digit of 100369?
6
What is the hundreds digit of 55247?
2
What is the tens digit of 10011?
1
What is the thousands digit of 49856?
9
What is the tens digit of 357?
5
What is the tens digit of 3996?
9
What is the ten thousands digit of 10124?
1
What is the thousands digit of 1542?
1
What is the tens digit of 56413?
1
What is the units digit of 2161?
1
What is the tens digit of 194591?
9
What is the hundreds digit of 139271?
2
What is the ten thousands digit of 20541?
2
What is the thousands digit of 2302?
2
What is the units digit of 11234?
4
What is the hundred thousands digit of 134812?
1
What is the units digit of 468?
8
What is the units digit of 768?
8
What is the tens digit of 877?
7
What is the thousands digit of 5562?
5
What is the hundreds digit of 315?
3
What is the hundreds digit of 28722?
7
What is the tens digit of 58311?
1
What is the units digit of 33?
3
What is the units digit of 117104?
4
What is the hundreds digit of 1966?
9
What is the hundreds digit of 43196?
1
What is the thousands digit of 1192?
1
What is the units digit of 1666?
6
What is the hundreds digit of 75541?
5
What is the ten thousands digit of 23899?
2
What is the units digit of 15938?
8
What is the thousands digit of 2374?
2
What is the units digit of 51308?
8
What is the thousands digit of 10859?
0
What is the hundreds digit of 2705?
7
What is the units digit of 198?
8
What is the units digit of 694?
4
What is the units digit of 1953?
3
What is the units digit of 11408?
8
What is the thousands digit of 12974?
2
What is the units digit of 3378?
8
What is the tens digit of 421?
2
What is the thousands digit of 14021?
4
What is the units digit of 74345?
5
What is the thousands digit of 12581?
2
What is the tens digit of 13750?
5
What is the thousands digit of 117702?
7
What is the ten thousands digit of 75034?
7
What is the hundreds digit of 42362?
3
What is the units digit of 47025?
5
What is the units digit of 206?
6
What is the units digit of 20686?
6
What is the ten thousands digit of 23658?
2
What is the ten thousands digit of 50040?
5
What is the tens digit of 55746?
4
What is the tens digit of 5706?
0
What is the ten thousands digit of 83541?
8
What is the ten thousands digit of 22955?
2
What is the tens digit of 2842?
4
What is the tens digit of 200?
0
What is the units digit of 77731?
1
What is the hundreds digit of 67954?
9
What is the units digit of 33650?
0
What is the hundreds digit of 2396?
3
What is the hundreds digit of 9229?
2
What is the hundreds digit of 53915?
9
What is the units digit of 29385?
5
What is the hundreds digit of 1942?
9
What is the tens digit of 9348?
4
What is the ten thousands digit of 10873?
1
What is the hundreds digit of 28572?
5
What is the thousands digit of 21349?
1
What is the hundreds digit of 2301?
3
What is the tens digit of 1803?
0
What is the units digit of 90591?
1
What is the hundreds digit of 80268?
2
What is the thousands digit of 5977?
5
What is the units digit of 1439?
9
What is the units digit of 33908?
8
What is the thousands digit of 3170?
3
What is the units digit of 36127?
7
What is the tens digit of 9148?
4
What is the hundreds digit of 67433?
4
What is the tens digit of 27609?
0
What is the tens digit of 1031?
3
What is the thousands digit of 2299?
2
What is the units digit of 5070?
0
What is the tens digit of 181?
8
What is the ten thousands digit of 22528?
2
What is the units digit of 621?
1
What is the thousands digit of 1416?
1
What is the tens digit of 195?
9
What is the units digit of 100808?
8
What is the ten thousands digit of 107055?
0
What is the units digit of 820?
0
What is the ten thousands digit of 10848?
1
What is the tens digit of 39383?
8
What is the hundred thousands digit of 112506?
1
What is the units digit of 752?
2
What is the units digit of 48?
8
What is the thousands digit of 7164?
7
What is the hundreds digit of 684?
6
What is the hundreds digit of 479?
4
What is the hundreds digit of 2030?
0
What is the hundreds digit of 814?
8
What is the thousands digit of 114608?
4
What is the units digit of 111330?
0
What is the tens digit of 27363?
6
What is the thousands digit of 1557?
1
What is the hundreds digit of 1412?
4
What is the hundreds digit of 372?
3
What is the tens digit of 27872?
7
What is the units digit of 5331?
1
What is the hundreds digit of 6415?
4
What is the hundreds digit of 314?
3
What is the ten thousands digit of 81983?
8
What is the tens digit of 4473?
7
What is the tens digit of 138575?
7
What is the thousands digit of 11118?
1
What is the ten thousands digit of 11221?
1
What is the ten thousands digit of 12737?
1
What is the hundreds digit of 36682?
6
What is the thousands digit of 2189?
2
What is the hundreds digit of 7102?
1
What is the tens digit of 26572?
7
What is the thousands digit of 40879?
0
What is the thousands digit of 1020?
1
What is the thousands digit of 93927?
3
What is the thousands digit of 11766?
1
What is the units digit of 163883?
3
What is the tens digit of 1310?
1
What is the tens digit of 662?
6
What is the units digit of 19728?
8
What is the hundreds digit of 11018?
0
What is the thousands digit of 7259?
7
What is the tens digit of 4127?
2
What is the tens digit of 6002?
0
What is the tens digit of 1128?
2
What is the thousands digit of 2259?
2
What is the tens digit of 1715?
1
What is the units digit of 38345?
5
What is the units digit of 286?
6
What is the units digit of 12393?
3
What is the tens digit of 323?
2
What is the thousands digit of 22299?
2
What is the tens digit of 5257?
5
What is the units digit of 7299?
9
What is the hundreds digit of 11613?
6
What is the ten thousands digit of 52619?
5
What is the units digit of 1191?
1
What is the thousands digit of 3135?
3
What is the tens digit of 696?
9
What is the tens digit of 144?
4
What is the ten thousands digit of 12637?
1
What is the ten thousands digit of 11262?
1
What is the units digit of 43229?
9
What is the tens digit of 91154?
5
What is the ten thousands digit of 10021?
1
What is the thousands digit of 167729?
7
What is the tens digit of 5858?
5
What is the units digit of 643?
3
What is the thousands digit of 1216?
1
What is the tens digit of 2806?
0
What is the units digit of 12918?
8
What is the units digit of 6445?
5
What is the hundreds digit of 852?
8
What is the tens digit of 2202?
0
What is the thousands digit of 4886?
4
What is the tens digit of 6590?
9
What is the ten thousands digit of 30533?
3
What is the tens digit of 3269?
6
What is the hundreds digit of 7695?
6
What is the hundreds digit of 70443?
4
What is the thousands digit of 1345?
1
What is the hundreds digit of 50253?
2
What is the thousands digit of 5685?
5
What is the ten thousands digit of 10141?
1
What is the ten thousands digit of 74672?
7
What is the thousands digit of 9853?
9
What is the thousands digit of 9332?
9
What is the tens digit of 133?
3
What is the hundreds digit of 15288?
2
What is the units digit of 1131?
1
What is the thousands digit of 31055?
1
What is the hundreds digit of 9875?
8
What is the units digit of 4202?
2
What is the thousands digit of 2541?
2
What is the units digit of 3130?
0
What is the hundreds digit of 7843?
8
What is the hundreds digit of 821